{"id":187,"date":"2024-05-15T20:12:21","date_gmt":"2024-05-15T20:12:21","guid":{"rendered":"https:\/\/www.bliesgau-solar.de\/?page_id=187"},"modified":"2024-05-15T20:14:53","modified_gmt":"2024-05-15T20:14:53","slug":"impressum","status":"publish","type":"page","link":"https:\/\/www.bliesgau-solar.de\/index.php\/impressum\/","title":{"rendered":"Impressum"},"content":{"rendered":"\t\t<div data-elementor-type=\"wp-page\" data-elementor-id=\"187\" class=\"elementor elementor-187\" data-elementor-post-type=\"page\">\n\t\t\t\t<div class=\"elementor-element elementor-element-59a020d e-flex e-con-boxed e-con e-parent\" data-id=\"59a020d\" data-element_type=\"container\" data-e-type=\"container\">\n\t\t\t\t\t<div class=\"e-con-inner\">\n\t\t\t\t<div class=\"elementor-element elementor-element-0d186e1 elementor-widget elementor-widget-text-editor\" data-id=\"0d186e1\" data-element_type=\"widget\" data-e-type=\"widget\" data-widget_type=\"text-editor.default\">\n\t\t\t\t<div class=\"elementor-widget-container\">\n\t\t\t\t\t\t\t\t\t<header class=\"page-header\"><h2 class=\"entry-title\">Impressum<\/h2><\/header><div class=\"page-content\"><div class=\"elementor elementor-249\" data-elementor-type=\"wp-page\" data-elementor-id=\"249\" data-elementor-post-type=\"page\"><div class=\"elementor-element elementor-element-30d27ec e-flex e-con-boxed e-con e-parent e-lazyloaded\" data-id=\"30d27ec\" data-element_type=\"container\"><div class=\"e-con-inner\"><div class=\"elementor-element elementor-element-04bb6ce elementor-widget elementor-widget-text-editor\" data-id=\"04bb6ce\" data-element_type=\"widget\" data-widget_type=\"text-editor.default\"><div class=\"elementor-widget-container\"><p><strong>Angaben gem\u00e4\u00df \u00a7 5 TMG:<\/strong><\/p><p class=\"p1\">Bliesgau Solar UG (haftungsbeschr\u00e4nkt)<\/p><p class=\"p1\">Am Chaussee 61<br \/>66440 Blieskastel<\/p><p class=\"p1\">Tel.: +(49) 06803 9848948<br \/>Fax: +(49) 06803 9943307<\/p><p class=\"p1\">info@bliesgau-solar.de<br \/>www.bliesgau-solar.de<\/p><p><strong><br \/>Verantwortlich f\u00fcr den Inhalt nach \u00a7 55 Abs. 2 RStV:<\/strong><\/p><p>Jochen M\u00fcller<br \/>Am Chaussee 61<br \/>66440 Blieskastel<\/p><p><strong><br \/>Haftungsausschluss:<\/strong><\/p><p><strong><br \/>Haftung f\u00fcr Inhalte<\/strong><br \/>Als Diensteanbieter sind wir gem\u00e4\u00df \u00a7 7 Abs.1 TMG f\u00fcr eigene Inhalte auf diesen Seiten nach den allgemeinen Gesetzen verantwortlich. Nach \u00a7\u00a7 8 bis 10 TMG sind wir als Diensteanbieter jedoch nicht verpflichtet, \u00fcbermittelte oder gespeicherte fremde Informationen zu \u00fcberwachen oder nach Umst\u00e4nden zu forschen, die auf eine rechtswidrige T\u00e4tigkeit hinweisen. Verpflichtungen zur Entfernung oder Sperrung der Nutzung von Informationen nach den allgemeinen Gesetzen bleiben hiervon unber\u00fchrt. Eine diesbez\u00fcgliche Haftung ist jedoch erst ab dem Zeitpunkt der Kenntnis einer konkreten Rechtsverletzung m\u00f6glich. Bei Bekanntwerden von entsprechenden Rechtsverletzungen werden wir diese Inhalte umgehend entfernen.<\/p><p><strong>Haftung f\u00fcr Links<\/strong><br \/>Unser Angebot enth\u00e4lt Links zu externen Websites Dritter, auf deren Inhalte wir keinen Einfluss haben. Deshalb k\u00f6nnen wir f\u00fcr diese fremden Inhalte auch keine Gew\u00e4hr \u00fcbernehmen. F\u00fcr die Inhalte der verlinkten Seiten ist stets der jeweilige Anbieter oder Betreiber der Seiten verantwortlich. Die verlinkten Seiten wurden zum Zeitpunkt der Verlinkung auf m\u00f6gliche Rechtsverst\u00f6\u00dfe \u00fcberpr\u00fcft. Rechtswidrige Inhalte waren zum Zeitpunkt der Verlinkung nicht erkennbar. Eine permanente inhaltliche Kontrolle der verlinkten Seiten ist jedoch ohne konkrete Anhaltspunkte einer Rechtsverletzung nicht zumutbar. Bei Bekanntwerden von Rechtsverletzungen werden wir derartige Links umgehend entfernen.<\/p><p><strong>Urheberrecht<\/strong><br \/>Die durch die Seitenbetreiber erstellten Inhalte und Werke auf diesen Seiten unterliegen dem deutschen Urheberrecht. Die Vervielf\u00e4ltigung, Bearbeitung, Verbreitung und jede Art der Verwertung au\u00dferhalb der Grenzen des Urheberrechtes bed\u00fcrfen der schriftlichen Zustimmung des jeweiligen Autors bzw. Erstellers. Downloads und Kopien dieser Seite sind nur f\u00fcr den privaten, nicht kommerziellen Gebrauch gestattet. Soweit die Inhalte auf dieser Seite nicht vom Betreiber erstellt wurden, werden die Urheberrechte Dritter beachtet. Insbesondere werden Inhalte Dritter als solche gekennzeichnet. Sollten Sie trotzdem auf eine Urheberrechtsverletzung aufmerksam werden, bitten wir um einen entsprechenden Hinweis. Bei Bekanntwerden von Rechtsverletzungen werden wir derartige Inhalte umgehend entfernen.<\/p><\/div><\/div><\/div><\/div><\/div><\/div>\t\t\t\t\t\t\t\t<\/div>\n\t\t\t\t<\/div>\n\t\t\t\t\t<\/div>\n\t\t\t\t<\/div>\n\t\t\t\t<\/div>\n\t\t","protected":false},"excerpt":{"rendered":"<p>Impressum Angaben gem\u00e4\u00df \u00a7 5 TMG: Bliesgau Solar UG (haftungsbeschr\u00e4nkt) Am Chaussee 6166440 Blieskastel Tel.: +(49) 06803 9848948Fax: +(49) 06803 9943307 info@bliesgau-solar.dewww.bliesgau-solar.de Verantwortlich f\u00fcr den Inhalt nach \u00a7 55 Abs. 2 RStV: Jochen M\u00fcllerAm Chaussee 6166440 Blieskastel Haftungsausschluss: Haftung f\u00fcr InhalteAls Diensteanbieter sind wir gem\u00e4\u00df \u00a7 7 Abs.1 TMG f\u00fcr eigene Inhalte auf diesen Seiten [&hellip;]<\/p>\n","protected":false},"author":1,"featured_media":0,"parent":0,"menu_order":0,"comment_status":"closed","ping_status":"closed","template":"","meta":{"footnotes":""},"class_list":["post-187","page","type-page","status-publish","hentry"],"yoast_head":"<!-- This site is optimized with the Yoast SEO plugin v27.1.1 - https:\/\/yoast.com\/product\/yoast-seo-wordpress\/ -->\n<title>Impressum - BLIESGAU SOLAR UG<\/title>\n<meta name=\"robots\" content=\"index, follow, max-snippet:-1, max-image-preview:large, max-video-preview:-1\" \/>\n<link rel=\"canonical\" href=\"https:\/\/www.bliesgau-solar.de\/index.php\/impressum\/\" \/>\n<meta property=\"og:locale\" content=\"de_DE\" \/>\n<meta property=\"og:type\" content=\"article\" \/>\n<meta property=\"og:title\" content=\"Impressum - BLIESGAU SOLAR UG\" \/>\n<meta property=\"og:description\" content=\"Impressum Angaben gem\u00e4\u00df \u00a7 5 TMG: Bliesgau Solar UG (haftungsbeschr\u00e4nkt) Am Chaussee 6166440 Blieskastel Tel.: +(49) 06803 9848948Fax: +(49) 06803 9943307 info@bliesgau-solar.dewww.bliesgau-solar.de Verantwortlich f\u00fcr den Inhalt nach \u00a7 55 Abs. 2 RStV: Jochen M\u00fcllerAm Chaussee 6166440 Blieskastel Haftungsausschluss: Haftung f\u00fcr InhalteAls Diensteanbieter sind wir gem\u00e4\u00df \u00a7 7 Abs.1 TMG f\u00fcr eigene Inhalte auf diesen Seiten [&hellip;]\" \/>\n<meta property=\"og:url\" content=\"https:\/\/www.bliesgau-solar.de\/index.php\/impressum\/\" \/>\n<meta property=\"og:site_name\" content=\"BLIESGAU SOLAR UG\" \/>\n<meta property=\"article:modified_time\" content=\"2024-05-15T20:14:53+00:00\" \/>\n<meta name=\"twitter:card\" content=\"summary_large_image\" \/>\n<meta name=\"twitter:label1\" content=\"Gesch\u00e4tzte Lesezeit\" \/>\n\t<meta name=\"twitter:data1\" content=\"4\u00a0Minuten\" \/>\n<script type=\"application\/ld+json\" class=\"yoast-schema-graph\">{\"@context\":\"https:\/\/schema.org\",\"@graph\":[{\"@type\":\"WebPage\",\"@id\":\"https:\/\/www.bliesgau-solar.de\/index.php\/impressum\/\",\"url\":\"https:\/\/www.bliesgau-solar.de\/index.php\/impressum\/\",\"name\":\"Impressum - BLIESGAU SOLAR UG\",\"isPartOf\":{\"@id\":\"https:\/\/www.bliesgau-solar.de\/#website\"},\"datePublished\":\"2024-05-15T20:12:21+00:00\",\"dateModified\":\"2024-05-15T20:14:53+00:00\",\"breadcrumb\":{\"@id\":\"https:\/\/www.bliesgau-solar.de\/index.php\/impressum\/#breadcrumb\"},\"inLanguage\":\"de\",\"potentialAction\":[{\"@type\":\"ReadAction\",\"target\":[\"https:\/\/www.bliesgau-solar.de\/index.php\/impressum\/\"]}]},{\"@type\":\"BreadcrumbList\",\"@id\":\"https:\/\/www.bliesgau-solar.de\/index.php\/impressum\/#breadcrumb\",\"itemListElement\":[{\"@type\":\"ListItem\",\"position\":1,\"name\":\"Startseite\",\"item\":\"https:\/\/www.bliesgau-solar.de\/\"},{\"@type\":\"ListItem\",\"position\":2,\"name\":\"Impressum\"}]},{\"@type\":\"WebSite\",\"@id\":\"https:\/\/www.bliesgau-solar.de\/#website\",\"url\":\"https:\/\/www.bliesgau-solar.de\/\",\"name\":\"BLIESGAU SOLAR UG\",\"description\":\"\",\"publisher\":{\"@id\":\"https:\/\/www.bliesgau-solar.de\/#organization\"},\"potentialAction\":[{\"@type\":\"SearchAction\",\"target\":{\"@type\":\"EntryPoint\",\"urlTemplate\":\"https:\/\/www.bliesgau-solar.de\/?s={search_term_string}\"},\"query-input\":{\"@type\":\"PropertyValueSpecification\",\"valueRequired\":true,\"valueName\":\"search_term_string\"}}],\"inLanguage\":\"de\"},{\"@type\":\"Organization\",\"@id\":\"https:\/\/www.bliesgau-solar.de\/#organization\",\"name\":\"BLIESGAU SOLAR UG\",\"url\":\"https:\/\/www.bliesgau-solar.de\/\",\"logo\":{\"@type\":\"ImageObject\",\"inLanguage\":\"de\",\"@id\":\"https:\/\/www.bliesgau-solar.de\/#\/schema\/logo\/image\/\",\"url\":\"https:\/\/www.bliesgau-solar.de\/wp-content\/uploads\/2024\/05\/logowhite.png\",\"contentUrl\":\"https:\/\/www.bliesgau-solar.de\/wp-content\/uploads\/2024\/05\/logowhite.png\",\"width\":600,\"height\":399,\"caption\":\"BLIESGAU SOLAR UG\"},\"image\":{\"@id\":\"https:\/\/www.bliesgau-solar.de\/#\/schema\/logo\/image\/\"}}]}<\/script>\n<!-- \/ Yoast SEO plugin. -->","yoast_head_json":{"title":"Impressum - BLIESGAU SOLAR UG","robots":{"index":"index","follow":"follow","max-snippet":"max-snippet:-1","max-image-preview":"max-image-preview:large","max-video-preview":"max-video-preview:-1"},"canonical":"https:\/\/www.bliesgau-solar.de\/index.php\/impressum\/","og_locale":"de_DE","og_type":"article","og_title":"Impressum - BLIESGAU SOLAR UG","og_description":"Impressum Angaben gem\u00e4\u00df \u00a7 5 TMG: Bliesgau Solar UG (haftungsbeschr\u00e4nkt) Am Chaussee 6166440 Blieskastel Tel.: +(49) 06803 9848948Fax: +(49) 06803 9943307 info@bliesgau-solar.dewww.bliesgau-solar.de Verantwortlich f\u00fcr den Inhalt nach \u00a7 55 Abs. 2 RStV: Jochen M\u00fcllerAm Chaussee 6166440 Blieskastel Haftungsausschluss: Haftung f\u00fcr InhalteAls Diensteanbieter sind wir gem\u00e4\u00df \u00a7 7 Abs.1 TMG f\u00fcr eigene Inhalte auf diesen Seiten [&hellip;]","og_url":"https:\/\/www.bliesgau-solar.de\/index.php\/impressum\/","og_site_name":"BLIESGAU SOLAR UG","article_modified_time":"2024-05-15T20:14:53+00:00","twitter_card":"summary_large_image","twitter_misc":{"Gesch\u00e4tzte Lesezeit":"4\u00a0Minuten"},"schema":{"@context":"https:\/\/schema.org","@graph":[{"@type":"WebPage","@id":"https:\/\/www.bliesgau-solar.de\/index.php\/impressum\/","url":"https:\/\/www.bliesgau-solar.de\/index.php\/impressum\/","name":"Impressum - BLIESGAU SOLAR UG","isPartOf":{"@id":"https:\/\/www.bliesgau-solar.de\/#website"},"datePublished":"2024-05-15T20:12:21+00:00","dateModified":"2024-05-15T20:14:53+00:00","breadcrumb":{"@id":"https:\/\/www.bliesgau-solar.de\/index.php\/impressum\/#breadcrumb"},"inLanguage":"de","potentialAction":[{"@type":"ReadAction","target":["https:\/\/www.bliesgau-solar.de\/index.php\/impressum\/"]}]},{"@type":"BreadcrumbList","@id":"https:\/\/www.bliesgau-solar.de\/index.php\/impressum\/#breadcrumb","itemListElement":[{"@type":"ListItem","position":1,"name":"Startseite","item":"https:\/\/www.bliesgau-solar.de\/"},{"@type":"ListItem","position":2,"name":"Impressum"}]},{"@type":"WebSite","@id":"https:\/\/www.bliesgau-solar.de\/#website","url":"https:\/\/www.bliesgau-solar.de\/","name":"BLIESGAU SOLAR UG","description":"","publisher":{"@id":"https:\/\/www.bliesgau-solar.de\/#organization"},"potentialAction":[{"@type":"SearchAction","target":{"@type":"EntryPoint","urlTemplate":"https:\/\/www.bliesgau-solar.de\/?s={search_term_string}"},"query-input":{"@type":"PropertyValueSpecification","valueRequired":true,"valueName":"search_term_string"}}],"inLanguage":"de"},{"@type":"Organization","@id":"https:\/\/www.bliesgau-solar.de\/#organization","name":"BLIESGAU SOLAR UG","url":"https:\/\/www.bliesgau-solar.de\/","logo":{"@type":"ImageObject","inLanguage":"de","@id":"https:\/\/www.bliesgau-solar.de\/#\/schema\/logo\/image\/","url":"https:\/\/www.bliesgau-solar.de\/wp-content\/uploads\/2024\/05\/logowhite.png","contentUrl":"https:\/\/www.bliesgau-solar.de\/wp-content\/uploads\/2024\/05\/logowhite.png","width":600,"height":399,"caption":"BLIESGAU SOLAR UG"},"image":{"@id":"https:\/\/www.bliesgau-solar.de\/#\/schema\/logo\/image\/"}}]}},"_links":{"self":[{"href":"https:\/\/www.bliesgau-solar.de\/index.php\/wp-json\/wp\/v2\/pages\/187","targetHints":{"allow":["GET"]}}],"collection":[{"href":"https:\/\/www.bliesgau-solar.de\/index.php\/wp-json\/wp\/v2\/pages"}],"about":[{"href":"https:\/\/www.bliesgau-solar.de\/index.php\/wp-json\/wp\/v2\/types\/page"}],"author":[{"embeddable":true,"href":"https:\/\/www.bliesgau-solar.de\/index.php\/wp-json\/wp\/v2\/users\/1"}],"replies":[{"embeddable":true,"href":"https:\/\/www.bliesgau-solar.de\/index.php\/wp-json\/wp\/v2\/comments?post=187"}],"version-history":[{"count":10,"href":"https:\/\/www.bliesgau-solar.de\/index.php\/wp-json\/wp\/v2\/pages\/187\/revisions"}],"predecessor-version":[{"id":197,"href":"https:\/\/www.bliesgau-solar.de\/index.php\/wp-json\/wp\/v2\/pages\/187\/revisions\/197"}],"wp:attachment":[{"href":"https:\/\/www.bliesgau-solar.de\/index.php\/wp-json\/wp\/v2\/media?parent=187"}],"curies":[{"name":"wp","href":"https:\/\/api.w.org\/{rel}","templated":true}]}}